{"id":1523,"date":"2024-06-13T15:05:40","date_gmt":"2024-06-13T15:05:40","guid":{"rendered":"https:\/\/www.xalemextraescolars.com\/?page_id=1523"},"modified":"2024-06-13T15:05:40","modified_gmt":"2024-06-13T15:05:40","slug":"pupurri","status":"publish","type":"page","link":"https:\/\/www.xalemextraescolars.com\/index.php\/pupurri\/","title":{"rendered":"PUPURRI"},"content":{"rendered":"\n<p>Aquesta \u00e9s una activitat estrella on els infants d&#8217;infantil podran gaudir del m\u00f3n del lleure fent un tast de din\u00e0miques, jocs i tallers que ens aportaran disbauxa i diversi\u00f3!<\/p>\n","protected":false},"excerpt":{"rendered":"<p>Aquesta \u00e9s una activitat estrella on els infants d&#8217;infantil podran gaudir del m\u00f3n del lleure fent un tast de din\u00e0miques, jocs i tallers que ens &hellip;<\/p>\n","protected":false},"author":3,"featured_media":0,"parent":0,"menu_order":0,"comment_status":"closed","ping_status":"closed","template":"","meta":{"footnotes":""},"class_list":["post-1523","page","type-page","status-publish","hentry"],"_links":{"self":[{"href":"https:\/\/www.xalemextraescolars.com\/index.php\/wp-json\/wp\/v2\/pages\/1523","targetHints":{"allow":["GET"]}}],"collection":[{"href":"https:\/\/www.xalemextraescolars.com\/index.php\/wp-json\/wp\/v2\/pages"}],"about":[{"href":"https:\/\/www.xalemextraescolars.com\/index.php\/wp-json\/wp\/v2\/types\/page"}],"author":[{"embeddable":true,"href":"https:\/\/www.xalemextraescolars.com\/index.php\/wp-json\/wp\/v2\/users\/3"}],"replies":[{"embeddable":true,"href":"https:\/\/www.xalemextraescolars.com\/index.php\/wp-json\/wp\/v2\/comments?post=1523"}],"version-history":[{"count":1,"href":"https:\/\/www.xalemextraescolars.com\/index.php\/wp-json\/wp\/v2\/pages\/1523\/revisions"}],"predecessor-version":[{"id":1524,"href":"https:\/\/www.xalemextraescolars.com\/index.php\/wp-json\/wp\/v2\/pages\/1523\/revisions\/1524"}],"wp:attachment":[{"href":"https:\/\/www.xalemextraescolars.com\/index.php\/wp-json\/wp\/v2\/media?parent=1523"}],"curies":[{"name":"wp","href":"https:\/\/api.w.org\/{rel}","templated":true}]}}